f - -24. What is the highest common divisor of w and 5?
5
Let f(h) = 4*h**3 + 2*h**2 - 7*h - 2. Let m be f(4). Calculate the greatest common factor of m and 6.
6
Suppose -119 = -5*s - t + 3, -3*t + 6 = 0. What is the greatest common factor of s and 108?
12
Let v(f) = f**3 + 6*f**2 - 11*f - 7. Let q be v(-7). Suppose 436 = 3*z + 5*i, 342 = 3*z - 2*i - 101. What is the highest common factor of z and q?
21
Let n = 16 + 56. What is the greatest common factor of 18 and n?
18
Let c(j) = j + 6. Let f be c(-4). Suppose 0 = -f*v + 4*k + 2, -34 = -4*v - 0*v + 2*k. Calculate the greatest common divisor of v and 22.
11
Suppose -9*u + 7*u - 6 = 0. Let v(c) = c**3 - c + 3 - 3*c**3 + c**3. Let k be v(u). Calculate the highest common divisor of k and 11.
11
Suppose 0*i - 4*i = 0. Suppose 4*h = l + 9, 21 = 3*l - 0*l + 4*h. Suppose k + 4*j - 15 + l = i, -2*k = j - 31. What is the greatest common factor of 176 and k?
16
Let c(i) = 5*i - 7. Suppose 4 = p + 6. Let g be (8/3)/(p/(-6)). Let v be c(g). What is the greatest common factor of 3 and v?
3
Let v be (-2)/(-17) - (-4746)/119. Calculate the highest common factor of v and 8.
8
Suppose -3*l + 69 + 141 = 0. Let c be 3/(1/(-1) - -2). Suppose -c*v + 10 = -2*v. Calculate the highest common factor of v and l.
10
Suppose 11 = 5*j + 4*p, -4 = -j - 0*j + p. Let o be 41/j + 4/(-6). Suppose 267 = 3*h + 2*n, -4*n - 12 = -0*n. Calculate the highest common factor of o and h.
13
Let m(g) = -g**3 - 5*g**2 + 3. Let b be m(-5). Let p be 6*(-2)/(-9)*b. Calculate the highest common factor of 1 and p.
1
Let l(p) = 17*p**2 + p. Let o be l(1). Let g be (-34)/(-12) + 3/o. Let r be g/(-2)*168/(-18). Calculate the highest common factor of r and 14.
14
Let m = 51 + -33. Let v be -2 + 2 - m/(-2). What is the highest common factor of v and 1?
1
Let l = 20 - -25. Calculate the highest common factor of 9 and l.
9
Let n = -8 + 11. Suppose 5*l = d - 115, -n*l - 531 = -d - 4*d. Calculate the highest common divisor of 21 and d.
21
Let q = 3 - 9. Let i(o) = o + 13. Let k be i(q). Let n = -14 - -49. Calculate the highest common divisor of n and k.
7
Suppose -5*f = -4*r + 110, -f + 0*f = r - 32. Calculate the highest common factor of r and 6.
6
Let l(p) = -p**2 + 6*p - 1. Let v = 2 - -2. Let r be l(v). What is the greatest common divisor of r and 7?
7
Suppose 4*c - c = 729. Calculate the highest common divisor of 27 and c.
27
Let x be -156*((-44)/12 - -3). Let a(b) = b**2 + b + 13. Let n be a(0). Suppose -4*u + 5*u = n. What is the greatest common divisor of u and x?
13
Suppose -17*u = -26*u + 1215. What is the highest common factor of 54 and u?
27
Let k(z) = 20*z - 75. Let j be k(11). Calculate the greatest common divisor of j and 58.
29
Let q be (4 + 3)/1 - 1. Let v be ((-16)/q)/(6/(-36)). What is the greatest common factor of v and 16?
16
Let u(g) = 2*g + 0*g + 0*g + 5. Let i be u(5). Calculate the highest common divisor of 5 and i.
5
Suppose 3*p + 8 = -4*w + 167, 6 = -2*w. Suppose -2*n = -6*n - 116. Let g = p + n. Calculate the greatest common divisor of g and 14.
14
Suppose 0 = -4*r - 0*p - 5*p + 34, -2*p = r - 10. Let s be r/(-1 + (-14)/(-8)). Calculate the greatest common factor of 8 and s.
8
Let u(o) = 14*o - 10. Let v = 19 + -9. Let r be u(v). What is the greatest common divisor of 52 and r?
26
Let h be (-123)/(-9) + -4 + 2/6. Calculate the highest common factor of 25 and h.
5
Let i be (8/(-1))/(2/7). Let o be (i/(-6))/(14/21). Suppose -2*b + 104 = -5*t + 17, 3*b - 158 = 2*t. Calculate the highest common divisor of o and b.
7
Let b = 62 - 34. What is the highest common divisor of 4 and b?
4
Let j(z) = 38*z + 26. Let s be j(8). Calculate the highest common factor of 30 and s.
30
Suppose a + 106 = z, -4*a - 58 - 158 = -2*z. Calculate the greatest common factor of 13 and z.
13
Let j(h) = h**2 - 6*h - 7. Let g be j(7). Let b = g + 1. Let z be (-14)/(2/(-3)*3). What is the greatest common factor of b and z?
1
Let x be (-6)/(((-10)/3)/5). Suppose 0 = 4*z - 3*d + 10, 2*d = -z - 3*d + x. Let v be 5/1 + (z - 0). Calculate the greatest common divisor of v and 1.
1
Let o be ((0 - 0) + -2)*-7. Suppose -17*b = -14*b - 84. What is the highest common factor of b and o?
14
Let y = 34 + 16. Suppose 9 + 11 = 2*c. What is the greatest common divisor of c and y?
10
Let y be (-92)/(-4) - (-2)/(-1). Suppose -5*m = k + 162, 0*m + 614 = -4*k - 3*m. Let j = 215 + k. Calculate the greatest common factor of j and y.
21
Let h(o) = -o**3 + 8*o**2 - 5*o - 2. Suppose 16 = 3*i + 2*k, 3*i - 10 = -2*i + 5*k. Let r be h(i). Calculate the highest common factor of r and 28.
14
Suppose -5*d = c - 37, -2*d = 5*c + 3*d - 145. What is the greatest common divisor of c and 27?
27
Suppose 8*a - 6*a - 20 = 0. Calculate the greatest common factor of a and 20.
10
Suppose 0 = 4*s, -2*s + 3*s - 20 = -2*a. What is the greatest common factor of 40 and a?
10
Let b = -42 - -62. Suppose 5*z - 230 = -5*p, -3*p = -4*z + 3*z - 154. What is the highest common divisor of p and b?
10
Let i = -2 - -35. Suppose -3*z = -6*z + i. Calculate the greatest common divisor of 44 and z.
11
Let m(n) = 11*n - 8. Let s be m(7). What is the highest common divisor of s and 46?
23
Let l = -251 + 363. What is the greatest common divisor of l and 16?
16
Let m(o) = 4*o**2 - o - 5. Let k be m(-4). Calculate the greatest common divisor of 7 and k.
7
Let y = 71 - 51. Let w = -38 - -98. Calculate the greatest common factor of w and y.
20
Let i(v) = -v**3 - 4*v**2 + v - 1. Let m be i(-5). Suppose -131 - m = -3*k. What is the highest common divisor of k and 10?
10
Let x be (2 + 52/(-10))*90/(-12). Calculate the highest common factor of x and 264.
24
Let n be -10*(-3)/6 + -2. Suppose -x = i + 267, -x = -n*i - 0 + 279. Let u = -116 - x. Calculate the greatest common factor of 14 and u.
14
Let g be 5 + -4 + (1 - 2). Let v be (6 - 5)*(g + 0). Suppose b - 5 = v, 0*b + 6 = -i + 4*b. What is the greatest common divisor of 42 and i?
14
Let o = 31 + 9. Calculate the greatest common divisor of o and 8.
8
Let s = -24 + 44. Suppose 5*a - 2*a = 12. Calculate the greatest common divisor of s and a.
4
Let j = -27 + 41. What is the greatest common divisor of 21 and j?
7
Let t be 2/(-2)*(11 + -28). Calculate the greatest common divisor of t and 51.
17
Let p be (-18)/(2/(-4) + -1). Let i be p/(-24) - (-38)/4. Calculate the greatest common divisor of i and 18.
9
Suppose -r + b + 9 = 0, 2*r = r - b - 1. Suppose -q - r*f = 9 - 2, -4*q - 2*f = 0. Let z be (45/20)/(q/20). What is the greatest common factor of z and 5?
5
Let i(m) = 4*m - 3. Let r be i(6). Suppose 335 - 2 = -o. Let w = -165 - o. Calculate the greatest common factor of w and r.
21
Let i(x) = 2*x + 2. Suppose 4*a + 3 = 15. Let j be i(a). What is the highest common divisor of j and 64?
8
Suppose -4*c + 5*u = -53, -7*c = -2*c - 5*u - 70. Suppose 2*z = z + 119. Calculate the greatest common divisor of z and c.
17
Suppose x = 30 + 26. Let a be (0 - -21)/((-3)/(-2)). What is the highest common factor of x and a?
14
Suppose 32 = -0*o + 2*o. Let t = o - 9. Suppose 4*p - u + 0*u - 117 = 0, 2*p - 4*u = 76. Calculate the highest common factor of p and t.
7
Let i be (-3)/6 - (-15)/6. Suppose 3*w + i*w - 20 = 0. What is the greatest common divisor of 2 and w?
2
Suppose -4 = -2*h - 0*h. Suppose -6 = -5*a - 5*i - 1, h*i = 3*a + 7. Let k be 12 + (-1 - (a - -2)). Calculate the highest common factor of 80 and k.
10
Let j = 148 - 85. Calculate the greatest common divisor of 21 and j.
21
Let j = 13 - 7. Suppose -25 = -5*m - 5*a, 26 - 1 = 5*m + 2*a. Suppose m*t - 26 + 11 = 0. Calculate the highest common factor of j and t.
3
Suppose -2*c + 5 = y, -4*y = 3*c + c - 12. Suppose -3*j + c*q = -404, -2*j - 124 = -3*j - 2*q. Calculate the greatest common factor of 12 and j.
12
Suppose -145 = -6*a + a. What is the greatest common divisor of a and 58?
29
Let o = -25 + 39. Let p(z) = 114*z**2 - 11*z + 1. Let h be p(-1). Calculate the highest common divisor of o and h.
14
Suppose -4*l - 112 = -3*u, -u - 14 = -5*l - 55. Let o = 7 + -6. Suppose -3*m = -35 - o. What is the highest common factor of m and u?
12
Let j = -2 + 3. Let z = 3 + j. Suppose -4*t - 6 = 2*v, -2*t - z + 6 = 2*v. Calculate the greatest common divisor of 45 and v.
5
Let n(p) = -p + 17. Let h be n(6). What is the greatest common divisor of h a